n base 4, what is 1131030 - 111?
1130313
In base 5, what is -21141201 + 21?
-21141130
In base 6, what is 12044 - -43?
12131
In base 15, what is -1757 + 0?
-1757
In base 5, what is 11 + 2134043?
2134104
In base 8, what is 1 - 466303?
-466302
In base 15, what is 14c514 + 2?
14c516
In base 6, what is -10153235 + 10?
-10153225
In base 7, what is -31023163 + 3?
-31023160
In base 12, what is -4174b - 0?
-4174b
In base 15, what is 13d571 + 2?
13d573
In base 5, what is -34 - -113433?
113344
In base 11, what is 83025 + 4?
83029
In base 15, what is -33 + 99a?
967
In base 7, what is -1 + 12301?
12300
In base 12, what is 394 - b6?
29a
In base 4, what is 10320 + -1233?
3021
In base 13, what is -127 - 7294?
-73bb
In base 4, what is -1 - -220002132?
220002131
In base 15, what is 1 + 1c59d?
1c59e
In base 15, what is d6 - 595?
-4ae
In base 6, what is 200243 + 5?
200252
In base 16, what is 18e132 + -5?
18e12d
In base 2, what is -110100111011101110001 + 0?
-110100111011101110001
In base 15, what is -7 - 1d7d7?
-1d7de
In base 11, what is 0 + 5705?
5705
In base 4, what is -3310302 - -3?
-3310233
In base 4, what is 100300332233 - 10?
100300332223
In base 13, what is c8 + -9b?
2a
In base 14, what is -167c1 + -5?
-167c6
In base 7, what is -3 + 602411?
602405
In base 6, what is -2 - -24110145?
24110143
In base 4, what is 2023103320 - 2?
2023103312
In base 6, what is 3 - -415241?
415244
In base 3, what is 2021011000 + 111?
2021011111
In base 12, what is 3 + -4a27?
-4a24
In base 13, what is 31459 + -5?
31454
In base 10, what is 3797 - -245?
4042
In base 10, what is -32646 - 28?
-32674
In base 16, what is 4 + 16c04d?
16c051
In base 14, what is -31 - 292?
-2c3
In base 13, what is -26 - -38b?
365
In base 11, what is 72 + -160?
-99
In base 5, what is -13341244 + 4?
-13341240
In base 7, what is -60632 + -310?
-61242
In base 11, what is -24 - 2216?
-223a
In base 6, what is -51 + -20512?
-21003
In base 16, what is 8adc - 5?
8ad7
In base 13, what is 1 - -10747?
10748
In base 5, what is 410 + -440323?
-434413
In base 8, what is -67 - -13061?
12772
In base 8, what is -2111312 + -5?
-2111317
In base 4, what is 3 - -10111220?
10111223
In base 3, what is 11 + 10222101001?
10222101012
In base 16, what is -11 + fda?
fc9
In base 7, what is -2 + -330340?
-330342
In base 16, what is -48f5 + e?
-48e7
In base 6, what is -310 + 125144?
124434
In base 7, what is 1354415 - -3?
1354421
In base 15, what is -3a0 - -2a?
-375
In base 13, what is 39516 - -2?
39518
In base 2, what is 10100 + 11010100110?
11010111010
In base 13, what is -c4 + -873?
-967
In base 16, what is -12c - ab?
-1d7
In base 15, what is -1 + -a9693?
-a9694
In base 5, what is 4144 + -11400?
-2201
In base 6, what is 23014522 - 5?
23014513
In base 6, what is -5 + -1445044?
-1445053
In base 9, what is 30 - -3881?
4021
In base 14, what is -198 - -83a?
682
In base 11, what is 1345 - -1?
1346
In base 6, what is 22 + -121213?
-121151
In base 8, what is 6 - 1754235?
-1754227
In base 5, what is -31112 + 12?
-31100
In base 4, what is 22 + -1302?
-1220
In base 12, what is -4 + -383a?
-3842
In base 16, what is -2 + -5051?
-5053
In base 3, what is 20 - -101102002212?
101102010002
In base 4, what is 1012 - -11?
1023
In base 16, what is 2 + 6a8bd?
6a8bf
In base 4, what is 0 - -3111101?
3111101
In base 16, what is 3 - 163cc2?
-163cbf
In base 5, what is -132204 + 111?
-132043
In base 11, what is -94580 + 0?
-94580
In base 2, what is 101011101 - -10001100110?
10111000011
In base 9, what is 142484 + -5?
142478
In base 7, what is -51 + -2554?
-2635
In base 5, what is -2004043 - -4?
-2004034
In base 14, what is 2 - -11286?
11288
In base 8, what is 3257 + -71?
3166
In base 3, what is -10 + -2201220012?
-2201220022
In base 2, what is -101101 + -100100100111011?
-100100101101000
In base 11, what is 4 - 1071?
-1068
In base 14, what is -65a10 + 2?
-65a0c
In base 16, what is -13c5 - -54?
-1371
In base 2, what is 11 + 1011101101100010?
1011101101100101
In base 4, what is -33 - -2103201?
2103102
In base 3, what is 202 - 212201212?
-212201010
In base 16, what is -29 + 748a?
7461
In base 2, what is 10 - 10011000001000?
-10011000000110
In base 12, what is 4 + -315646?
-315642
In base 12, what is -5 - 1430?
-1435
In base 7, what is -266051 + 1?
-266050
In base 4, what is -1201 - 13110020?
-13111221
In base 5, what is 2411111 + -4?
2411102
In base 13, what is 4 - -1b314?
1b318
In base 12, what is -45 - 359?
-3a2
In base 9, what is 30 - -6155?
6185
In base 5, what is 42210 - -132?
42342
In base 3, what is 1210 - 120?
1020
In base 9, what is 4 - 114455?
-114451
In base 2, what is -101100110 + -10000111100?
-10110100010
In base 6, what is -4 - 2031415?
-2031423
In base 16, what is -7a + -9a8?
-a22
In base 12, what is 3 + -160500?
-1604b9
In base 10, what is 1 + 23583?
23584
In base 10, what is 299903 - -2?
299905
In base 8, what is -255770 - -20?
-255750
In base 14, what is -11 + a9d?
a8c
In base 8, what is 0 + 721250?
721250
In base 7, what is 6625 - 20?
6605
In base 11, what is -95478 - -4?
-95474
In base 16, what is -20d + -1b?
-228
In base 15, what is -62176 - -2?
-62174
In base 2, what is -11001011001001010 - -100?
-11001011001000110
In base 13, what is -5 - -3993?
398b
In base 14, what is -22 + -37591?
-375b3
In base 4, what is -100 - -2122?
2022
In base 6, what is 55011 + -3?
55004
In base 8, what is 4 - -45330?
45334
In base 11, what is 4 + -991?
-988
In base 12, what is -15 - -21b4?
219b
In base 7, what is 1602 + 132?
2034
In base 16, what is 24 + -2391?
-236d
In base 10, what is 120 - -5152?
5272
In base 10, what is 1432 + 32?
1464
In base 14, what is -5 + -cb424?
-cb429
In base 8, what is 1353 + -2?
1351
In base 3, what is 1102102220 + 121?
1102110111
In base 5, what is 3 + -114230320?
-114230312
In base 5, what is 10233 - -11330?
22113
In base 5, what is 431201031 + -1?
431201030
In base 13, what is -6a34 - -6?
-6a2b
In base 7, what is -2121 + 135?
-1653
In base 2, what is 11 + -10101010001110010101?
-10101010001110010010
In base 15, what is 534 - 1e0?
344
In base 13, what is 14 + -16a76?
-16a62
In base 10, what is -5 - -488810?
488805
In base 9, what is -317172 - 7?
-317180
In base 3, what is -12 + -12201222212?
-12202000001
In base 15, what is -5 - -8c97?
8c92
In base 15, what is -2760 + 74?
-26db
In base 4, what is -2332 - 3133?
-12131
In base 5, what is -1004102 + -2?
-1004104
In base 13, what is -19a9 + -5?
-19b1
In base 14, what is -1 - 120671?
-120672
In base 5, what is -323 + -21431?
-22304
In base 15, what is -da - -b62?
a77
In base 6, what is 142410 + 153?
143003
In base 3, what is -1 - 2202200221?
-2202200222
In base 7, what is 11 - -1535?
1546
In base 6, what is 4 - 15234232?
-15234224
In base 3, what is -1120002200 - 2002?
-1120011202
In base 7, what is 0 - -121606?
121606
In base 6, what is 425 + 15004?
15433
In base 12, what is -bab + -109?
-10b8
In base 7, what is -1031533 - -3?
-1031530
In base 2, what is -11 - -1001000011110010000?
1001000011110001101
In base 8, what is -5 + 366065?
366060
In base 9, what is -46876 + -14?
-47001
In base 13, what is 3 + -4a55?
-4a52
In base 16, what is -1 - -179ee?
179ed
In base 12, what is -2aa - -1027?
939
In base 4, what is 23323103 + -2?
23323101
In base 4, what is -201 + 331021?
330220
In base 10, what is -81 + -811?
-892
In base 5, what is 10103033 + 34?
10103122
In base 13, what is -2 - 125a55?
-125a57
In base 8, what is 45030 - 11?
45017
In base 6, what is 153332 - 5?
153323
In base 15, what is -175d + 14?
-1749
In base 16, what is 0 + 10e1?
10e1
In base 16, what is 3de9 + -3d?
3dac
In base 3, what is -1001001 - 21101?
-1022102
In base 12, what is -33 - -60a?
597
In base 2, what is -10010011 - 11000111?
-101011010
In base 15, what is 29 + 50e?
538
In base 3, what is -11 - 12211011012?
-12211011100
In base 3, what is -1001111 + 10012220?
2011102
In base 9, what is -6 - -22435?
22428
In base 13, what is -6 - -391a4?
3919b
In base 4, what is 303311 - -102?
310013
In base 10, what is -3 + 24642?
24639
In base 4, what is 330 + -102223?
-101233
In base 15, what is -4 + -ae8e?
-ae93
In base 13, what is 2aca + 63?
2b60
In base 13, what is -89330 - 1?
-89331
In base 15, what is -4 + 202ed4?
202ed0
In base 10, what is -948 - -5?
-943
In base 3, what is -2101001 - 1011122?
-10112200
In base 6, what is 